12
Calculate the remainder when 399 is divided by 68.
59
What is the remainder when 13015 is divided by 42?
37
Calculate the remainder when 5228 is divided by 249.
248
Calculate the remainder when 1236 is divided by 73.
68
Calculate the remainder when 29467 is divided by 209.
207
What is the remainder when 180 is divided by 86?
8
What is the remainder when 417 is divided by 145?
127
What is the remainder when 141 is divided by 27?
6
What is the remainder when 1579 is divided by 93?
91
Calculate the remainder when 94 is divided by 3.
1
What is the remainder when 459 is divided by 21?
18
What is the remainder when 1077 is divided by 183?
162
What is the remainder when 78 is divided by 27?
24
What is the remainder when 2461 is divided by 44?
41
Calculate the remainder when 521 is divided by 35.
31
What is the remainder when 60 is divided by 34?
26
What is the remainder when 271 is divided by 46?
41
What is the remainder when 1470 is divided by 134?
130
What is the remainder when 7950 is divided by 112?
110
What is the remainder when 223 is divided by 79?
65
What is the remainder when 1257 is divided by 17?
16
Calculate the remainder when 9 is divided by 6.
3
Calculate the remainder when 62 is divided by 17.
11
What is the remainder when 10821 is divided by 22?
19
What is the remainder when 1304 is divided by 45?
44
Calculate the remainder when 217 is divided by 18.
1
What is the remainder when 1614 is divided by 51?
33
What is the remainder when 537 is divided by 49?
47
What is the remainder when 95 is divided by 8?
7
Calculate the remainder when 45 is divided by 42.
3
Calculate the remainder when 372 is divided by 47.
43
Calculate the remainder when 568 is divided by 41.
35
Calculate the remainder when 1338 is divided by 22.
18
What is the remainder when 119 is divided by 4?
3
Calculate the remainder when 2597 is divided by 76.
13
Calculate the remainder when 932 is divided by 22.
8
Calculate the remainder when 444 is divided by 143.
15
What is the remainder when 58 is divided by 18?
4
Calculate the remainder when 86 is divided by 38.
10
What is the remainder when 184 is divided by 47?
43
Calculate the remainder when 452 is divided by 6.
2
Calculate the remainder when 855 is divided by 22.
19
What is the remainder when 373 is divided by 339?
34
What is the remainder when 148 is divided by 17?
12
What is the remainder when 738 is divided by 77?
45
What is the remainder when 626 is divided by 87?
17
Calculate the remainder when 1088 is divided by 1058.
30
Calculate the remainder when 346 is divided by 60.
46
What is the remainder when 36 is divided by 4?
0
What is the remainder when 127 is divided by 34?
25
What is the remainder when 266 is divided by 21?
14
What is the remainder when 333 is divided by 203?
130
Calculate the remainder when 53 is divided by 14.
11
What is the remainder when 1658 is divided by 83?
81
Calculate the remainder when 203 is divided by 23.
19
What is the remainder when 37 is divided by 4?
1
Calculate the remainder when 14428 is divided by 481.
479
What is the remainder when 166 is divided by 92?
74
What is the remainder when 189 is divided by 35?
14
What is the remainder when 63 is divided by 14?
7
What is the remainder when 871 is divided by 146?
141
Calculate the remainder when 896 is divided by 20.
16
What is the remainder when 152 is divided by 12?
8
What is the remainder when 426 is divided by 63?
48
Calculate the remainder when 312 is divided by 128.
56
What is the remainder when 368 is divided by 61?
2
What is the remainder when 2880 is divided by 93?
90
Calculate the remainder when 257 is divided by 20.
17
Calculate the remainder when 57 is divided by 10.
7
What is the remainder when 1483 is divided by 84?
55
What is the remainder when 579 is divided by 83?
81
What is the remainder when 3690 is divided by 84?
78
Calculate the remainder when 80 is divided by 46.
34
Calculate the remainder when 1871 is divided by 94.
85
Calculate the remainder when 1611 is divided by 52.
51
What is the remainder when 277 is divided by 11?
2
What is the remainder when 120 is divided by 31?
27
Calculate the remainder when 827 is divided by 509.
318
What is the remainder when 529 is divided by 113?
77
Calculate the remainder when 3806 is divided by 141.
140
Calculate the remainder when 68 is divided by 5.
3
What is the remainder when 1869 is divided by 927?
15
Calculate the remainder when 413 is divided by 18.
17
Calculate the remainder when 214 is divided by 50.
14
Calculate the remainder when 766 is divided by 32.
30
What is the remainder when 1895 is divided by 26?
23
What is the remainder when 18691 is divided by 22?
13
Calculate the remainder when 418 is divided by 90.
58
What is the remainder when 536 is divided by 325?
211
Calculate the remainder when 6739 is divided by 20.
19
What is the remainder when 48 is divided by 23?
2
What is the remainder when 268 is divided by 18?
16
Calculate the remainder when 11866 is divided by 276.
274
Calculate the remainder when 4569 is divided by 20.
9
Calculate the remainder when 11 is divided by 8.
3
Calculate the remainder when 897 is divided by 50.
47
What is the remainder when 387 is divided by 238?
149
Calculate the remainder when 81 is divided by 12.
9
Calculate the remainder when 93 is divided by 14.
9
What is the remainder when 11843 is divided by 9?
8
What is the remainder when 2726 is divided by 11?
9
What is the remainder when 272 is divided by 11?
8
Calculate the remainder when 903 is divided by 444.
15
What is the remainder when 257 is divided by 43?
42
Calculate the remainder when 11135 is divided by 8.
7
What is the remainder when 5192 is divided by 106?
104
Calculate the remainder when 330 is divided by 36.
6
Calculate the remainder when 2489 is divided by 819.
32
Calculate the remainder when 298 is divided by 36.
10
What is the remainder when 724 is divided by 177?
16
What is the remainder when 4466 is divided by 300?
266
Calculate the remainder when 8020 is divided by 13.
12
What is the remainder when 621 is divided by 26?
23
Calculate the remainder when 224 is divided by 96.
32
Calculate the remainder when 78 is divided by 16.
14
Calculate the remainder when 1037 is divided by 6.
5
Calculate the remainder when 41 is divided by 15.
11
What is the remainder when 25224 is divided by 25?
24
Calculate the remainder when 837 is divided by 28.
25
Calculate the remainder when 2739 is divided by 42.
9
What is the remainder when 125 is divided by 22?
15
What is the remainder when 53 is divided by 6?
5
What is the remainder when 60 is divided by 3?
0
What is the remainder when 72 is divided by 62?
10
Calculate the remainder when 590 is divided by 154.
128
Calculate the remainder when 1810 is divided by 101.
93
What is the remainder when 1259 is divided by 32?
11
Calculate the remainder when 804 is divided by 13.
11
What is the remainder when 150 is divided by 46?
12
What is the remainder when 262 is divided by 12?
10
Calculate the remainder when 522 is divided by 105.
102
What is the remainder when 751 is divided by 190?
181
Calculate the remainder when 91 is divided by 48.
43
What is the remainder when 287 is divided by 92?
11
What is the remainder when 83 is divided by 73?
10
Calculate the remainder when 517 is divided by 34.
7
What is the remainder when 6641 is divided by 41?
40
Calculate the remainder when 3211 is divided by 799.
15
What is the remainder when 1104 is divided by 79?
77
What is the remainder when 434 is divided by 114?
92
What is the remainder when 176 is divided by 61?
54
Calculate the remainder when 2214 is divided by 1100.
14
Calculate the remainder when 1234 is divided by 69.
61
What is the remainder when 3043 is divided by 63?
19
What is the remainder when 375 is divided by 42?
39
Calculate the remainder when 250 is divided by 139.
111
Calculate the remainder when 210 is divided by 59.
33
Calculate the remainder when 771 is divided by 17.
6
What is the remainder when 609 is divided by 34?
31
What is the remainder when 2009 is divided by 56?
49
Calculate the remainder when 101 is divided by 48.
5
Calculate the remainder when 499 is divided by 87.
64
What is the remainder when 374 is divided by 354?
20
Calculate the remainder when 30 is divided by 19.
11
What